remainder when 771 is divided by 253?
12
Calculate the remainder when 60 is divided by 24.
12
What is the remainder when 5301 is divided by 24?
21
Calculate the remainder when 230 is divided by 26.
22
What is the remainder when 799 is divided by 209?
172
Calculate the remainder when 75 is divided by 26.
23
Calculate the remainder when 246 is divided by 19.
18
What is the remainder when 71 is divided by 19?
14
What is the remainder when 176 is divided by 43?
4
What is the remainder when 13257 is divided by 39?
36
What is the remainder when 58 is divided by 42?
16
What is the remainder when 376 is divided by 126?
124
What is the remainder when 112 is divided by 29?
25
Calculate the remainder when 1047 is divided by 150.
147
What is the remainder when 40 is divided by 14?
12
What is the remainder when 1800 is divided by 53?
51
Calculate the remainder when 626 is divided by 37.
34
Calculate the remainder when 1323 is divided by 6.
3
Calculate the remainder when 76 is divided by 68.
8
What is the remainder when 257 is divided by 95?
67
Calculate the remainder when 111 is divided by 106.
5
Calculate the remainder when 1212 is divided by 400.
12
What is the remainder when 2526 is divided by 121?
106
Calculate the remainder when 405 is divided by 64.
21
Calculate the remainder when 193 is divided by 41.
29
What is the remainder when 52 is divided by 28?
24
What is the remainder when 78 is divided by 32?
14
Calculate the remainder when 166 is divided by 55.
1
What is the remainder when 196 is divided by 83?
30
Calculate the remainder when 635 is divided by 11.
8
Calculate the remainder when 1650 is divided by 92.
86
Calculate the remainder when 45 is divided by 25.
20
Calculate the remainder when 23 is divided by 2.
1
Calculate the remainder when 321 is divided by 159.
3
What is the remainder when 47 is divided by 5?
2
What is the remainder when 106 is divided by 55?
51
Calculate the remainder when 466 is divided by 36.
34
What is the remainder when 2729 is divided by 152?
145
Calculate the remainder when 2458 is divided by 224.
218
What is the remainder when 761 is divided by 116?
65
What is the remainder when 1371 is divided by 100?
71
What is the remainder when 21 is divided by 4?
1
Calculate the remainder when 1002 is divided by 91.
1
Calculate the remainder when 268 is divided by 132.
4
Calculate the remainder when 239 is divided by 44.
19
Calculate the remainder when 4538 is divided by 15.
8
What is the remainder when 7347 is divided by 62?
31
Calculate the remainder when 486 is divided by 247.
239
What is the remainder when 119 is divided by 34?
17
Calculate the remainder when 31439 is divided by 240.
239
Calculate the remainder when 2094 is divided by 519.
18
What is the remainder when 295 is divided by 79?
58
Calculate the remainder when 187 is divided by 7.
5
What is the remainder when 1139 is divided by 76?
75
What is the remainder when 46 is divided by 21?
4
What is the remainder when 970 is divided by 178?
80
What is the remainder when 287 is divided by 29?
26
Calculate the remainder when 13 is divided by 2.
1
Calculate the remainder when 711 is divided by 256.
199
What is the remainder when 892 is divided by 292?
16
What is the remainder when 1272 is divided by 51?
48
Calculate the remainder when 454 is divided by 80.
54
What is the remainder when 394 is divided by 22?
20
Calculate the remainder when 111 is divided by 46.
19
What is the remainder when 1977 is divided by 44?
41
Calculate the remainder when 319 is divided by 64.
63
What is the remainder when 184 is divided by 39?
28
What is the remainder when 43 is divided by 33?
10
Calculate the remainder when 1664 is divided by 274.
20
What is the remainder when 67 is divided by 30?
7
What is the remainder when 687 is divided by 264?
159
What is the remainder when 3415 is divided by 28?
27
Calculate the remainder when 81 is divided by 77.
4
Calculate the remainder when 137 is divided by 70.
67
Calculate the remainder when 3854 is divided by 54.
20
What is the remainder when 241 is divided by 80?
1
What is the remainder when 751 is divided by 16?
15
Calculate the remainder when 1238 is divided by 7.
6
Calculate the remainder when 67 is divided by 9.
4
What is the remainder when 143 is divided by 36?
35
Calculate the remainder when 44 is divided by 6.
2
What is the remainder when 488 is divided by 71?
62
Calculate the remainder when 957 is divided by 52.
21
Calculate the remainder when 39 is divided by 25.
14
Calculate the remainder when 110 is divided by 67.
43
What is the remainder when 176 is divided by 149?
27
Calculate the remainder when 310 is divided by 63.
58
What is the remainder when 148 is divided by 48?
4
What is the remainder when 7743 is divided by 176?
175
Calculate the remainder when 285 is divided by 11.
10
What is the remainder when 257 is divided by 123?
11
What is the remainder when 311 is divided by 12?
11
Calculate the remainder when 1022 is divided by 143.
21
Calculate the remainder when 685 is divided by 34.
5
Calculate the remainder when 272 is divided by 69.
65
What is the remainder when 2645 is divided by 10?
5
Calculate the remainder when 137 is divided by 32.
9
What is the remainder when 1359 is divided by 154?
127
Calculate the remainder when 234 is divided by 47.
46
What is the remainder when 37 is divided by 10?
7
What is the remainder when 22061 is divided by 28?
25
What is the remainder when 1095 is divided by 93?
72
Calculate the remainder when 94 is divided by 42.
10
Calculate the remainder when 267 is divided by 25.
17
Calculate the remainder when 261 is divided by 3.
0
What is the remainder when 5169 is divided by 1717?
18
Calculate the remainder when 228 is divided by 23.
21
What is the remainder when 228 is divided by 10?
8
Calculate the remainder when 167 is divided by 51.
14
What is the remainder when 154 is divided by 79?
75
What is the remainder when 1013 is divided by 13?
12
Calculate the remainder when 557 is divided by 20.
17
Calculate the remainder when 305 is divided by 17.
16
Calculate the remainder when 606 is divided by 38.
36
Calculate the remainder when 1477 is divided by 15.
7
Calculate the remainder when 168 is divided by 17.
15
Calculate the remainder when 568 is divided by 135.
28
Calculate the remainder when 810 is divided by 267.
9
Calculate the remainder when 174 is divided by 15.
9
What is the remainder when 184 is divided by 57?
13
Calculate the remainder when 548 is divided by 93.
83
Calculate the remainder when 270 is divided by 72.
54
Calculate the remainder when 3286 is divided by 173.
172
Calculate the remainder when 11709 is divided by 6.
3
Calculate the remainder when 2517 is divided by 1250.
17
What is the remainder when 478 is divided by 11?
5
Calculate the remainder when 117 is divided by 51.
15
Calculate the remainder when 80 is divided by 35.
10
What is the remainder when 1580 is divided by 88?
84
Calculate the remainder when 11588 is divided by 84.
80
What is the remainder when 318 is divided by 64?
62
Calculate the remainder when 493 is divided by 62.
59
What is the remainder when 216 is divided by 22?
18
Calculate the remainder when 3638 is divided by 281.
266
What is the remainder when 5423 is divided by 270?
23
Calculate the remainder when 3580 is divided by 325.
5
Calculate the remainder when 80 is divided by 42.
38
Calculate the remainder when 1798 is divided by 879.
40
What is the remainder when 198 is divided by 72?
54
Calculate the remainder when 47 is divided by 10.
7
Calculate the remainder when 285 is divided by 241.
44
What is the remainder when 320 is divided by 86?
62
Calculate the remainder when 4326 is divided by 37.
34
Calculate the remainder when 1321 is divided by 190.
181
What is the remainder when 149 is divided by 141?
8
What is the remainder when 242 is divided by 13?
8
Calculate the remainder when 24400 is divided by 27.
19
What is the remainder when 1668 is divided by 210?
198
What is the remainder when 471 is divided by 25?
21
Calculate the remainder when 429 is divided by 18.
15
What is the remainder when 2828 is divided by 41?
40
What is the remainder when 2586 is divided by 46?
10
Calculate the remainder when 230 is divided by 64.
38
What is the remainder when 547 is divided by 48?